= -3. Suppose -y*q = -2*q - 44. What is the remainder when 18 is divided by q?
7
Let o be (-4 - -3) + -1 + 5. Suppose 24 = o*m - 33. What is the remainder when 37 is divided by m?
18
Let i(n) = -4*n + 6. Let o be i(-5). Suppose 3*b + o = b. Let h = -7 - b. Calculate the remainder when 17 is divided by h.
5
Calculate the remainder when 53 is divided by -2 + -2 + 1 + 14.
9
Suppose -10 = 2*a - 7*a. Suppose 5*u + 2 = 22. What is the remainder when (a - 4) + 8/1 is divided by u?
2
Suppose 2*u - 168 = -2*u. What is the remainder when (-1)/6 + 637/u is divided by 8?
7
Let h(z) = -z**3 + 13*z**2 - 11*z + 12. What is the remainder when h(12) is divided by 13?
11
Calculate the remainder when 88/3*60/16 is divided by 28.
26
Suppose b + 2*l = -1, -2*l = l + 6. Let z be (3 - 9)/(1 - b). What is the remainder when 16 is divided by 4/(-12) + 19/z?
4
Let u(r) = 3*r**2 + 2*r + 1. Suppose -53 = -5*g + 197. Calculate the remainder when (-3)/(2 - 103/g) is divided by u(2).
16
Let x = 39 - 28. What is the remainder when 30 is divided by x?
8
Let o(s) = s**3 + 3*s**2 - 2*s - 1. Let q be (-3)/(12/14)*-2. Suppose 77 = 3*w - q. What is the remainder when w is divided by o(2)?
13
Let i(u) = -u + 14. Suppose 4*k + 64 = 2*d, -5*d + 3*k - 66 = -205. Calculate the remainder when d is divided by i(7).
5
Let m(r) = r**3 - r**2 + r + 3. Let s be m(0). Suppose 4*v - s = -x + 13, 0 = -v + x - 1. What is the remainder when 8 is divided by v?
2
Let n(q) be the first derivative of 19*q**2/2 - 10*q - 4. What is the remainder when n(3) is divided by 12?
11
Let p be -7*(-3 - (-8)/2). Let i(q) = -q**3 - 6*q**2 + 8*q + 10. Let j = 13 + -8. Calculate the remainder when j is divided by i(p).
2
Let g(k) = 4*k + 1. Let s(o) = -o**3 - 4*o**2 + 5*o + 4. Let p be s(-5). Suppose -d + 20 = p*d. What is the remainder when 50 is divided by g(d)?
16
Suppose -4*q + 0 = 8. Let b = q - -6. Suppose 2 = -b*w + 22. What is the remainder when 13 is divided by w?
3
Let r = 5 + -8. Suppose 5*s = -2*v + 53, -4 + 24 = 5*v. What is the remainder when 5/r*s*-1 is divided by 8?
7
Suppose 4*i - 132 = 5*c, 3*i + 3*c = 35 + 37. Calculate the remainder when i is divided by 5.
3
Suppose 15*y = 4*y + 319. Calculate the remainder when 57 is divided by y.
28
Suppose 0*t - 6 = -t. Suppose t*l = 2*l + 36. Calculate the remainder when 25 is divided by l.
7
Let z = 16 - 2. Suppose 0 = 7*t - 3*t - 276. What is the remainder when t is divided by z?
13
Let k(w) = -w**3 + 14*w**2 - 13*w + 5. Suppose r - 2*r + 13 = 0. Calculate the remainder when k(r) is divided by 2.
1
Let p = -20 + 33. Let r(y) = 3*y + 1. What is the remainder when p is divided by r(2)?
6
Let q = 30 + -22. Let w(o) = -4*o - 3. What is the remainder when q is divided by w(-2)?
3
Let q(c) = 4*c**2 - 2*c + 1. What is the remainder when 122 is divided by q(3)?
29
Suppose -4*i + 18 = z, 2*i - i - 166 = -5*z. Let b = 35 + 30. What is the remainder when b is divided by (z/(-8))/((-16)/64)?
14
Let a = -9 + -111. Let i(l) = 2*l**2 - 8*l - 3. Calculate the remainder when -3*a/9 + 0 is divided by i(6).
19
Let c be -39*((-32)/(-12) + -3). Suppose 0 = c*g - 17*g + 8. What is the remainder when 5 is divided by g?
1
Suppose 0 = 3*a + z + 15, 2*a - 2 + 12 = -2*z. Let x = a - -12. What is the remainder when x is divided by 3?
1
Let x = 14 - -19. Suppose -3*w = -15, -2*m - 3*m + 2*w = -35. What is the remainder when x is divided by m?
6
Calculate the remainder when 183 is divided by -2*2 + 5/(10/82).
35
Let c(w) = 2*w + 7. Let l be (6 - -1) + (1 - 3). Suppose -u - 2*q = -13, -9*u + l*q + 35 = -4*u. What is the remainder when c(5) is divided by u?
8
Suppose 0 = 4*m - m - 135. Suppose m + 102 = 3*p. Suppose -5*o + 71 = -14. What is the remainder when p is divided by o?
15
Let q = -23 - -29. What is the remainder when 23 is divided by q?
5
Let i(x) = -x**2 - 9*x + 21. Let f be i(-9). What is the remainder when 19 is divided by f/2 + (-4)/8?
9
Calculate the remainder when 8/16*(-28)/(-2) is divided by 3.
1
Let u(j) = j**2 + j - 12. Calculate the remainder when 125 is divided by u(5).
17
Let f(h) = -6*h + 9*h**2 - h + 0*h + 6 + h**2 - h**3. Calculate the remainder when f(9) is divided by 9.
6
Calculate the remainder when 1315/20 - (-9)/(-12) is divided by 17.
14
Let m = -50 - -79. Let z = -11 + 11. Suppose -4*r - 16 = z, 4*f - 2*r + r = 44. What is the remainder when m is divided by f?
9
Let i be 1*(2 + -14 - -3). What is the remainder when 10 is divided by 2/i - (-56)/9?
4
What is the remainder when 47 is divided by (-6)/39 - (-1635)/65?
22
Let x = -5 + 4. Let n be (-5)/(x + (-7)/(-6)). Let s = n + 45. What is the remainder when s is divided by 8?
7
Suppose 2*c - 6 = -0. Suppose 0 = -3*s - 5*z, s - 6*s = -2*z - 31. Suppose -2*j - 200 = -s*a + 3*j, 3*j = c. What is the remainder when a is divided by 14?
13
Suppose -2*o + 28 = 3*z, 3*o - 8 = z + 1. Let t = 4 - 1. Suppose t*r - 7*r = -68. Calculate the remainder when r is divided by z.
5
Let o(g) = -6*g**2 + 5*g + 4. Let q be o(10). Calculate the remainder when 37 is divided by (-2)/9 - q/27.
17
Let y(w) = -16 - 2*w + 19 - 2*w. Calculate the remainder when y(-3) is divided by 8.
7
Let g(o) = 14*o - 29. Calculate the remainder when g(12) is divided by 36.
31
Let w(h) = h**2 - 4*h - 11. Let g be w(8). Calculate the remainder when (-15)/(-35) - (-2049)/g is divided by 20.
18
Suppose 10 = 3*y + 2*y. Suppose -1 = -y*o + 9. Calculate the remainder when 2 - 2 - -8 - -1 is divided by o.
4
What is the remainder when 46 is divided by (13 - -3) + 4 + 4?
22
Let q(v) = 5*v - 34. Calculate the remainder when 34 is divided by q(11).
13
Let w(b) = b**2 - 5*b + 4. Let u be w(5). Suppose 107 = 3*a - u*o, a - 4*o - 31 - 18 = 0. What is the remainder when a is divided by 8?
5
Let s(u) = 3*u. Let a be s(1). Suppose 23 = a*o + 8. Let c(m) = -2*m + 2. What is the remainder when c(-6) is divided by o?
4
Suppose -31 = 13*b - 174. What is the remainder when 64 is divided by b?
9
What is the remainder when 25 is divided by (-5 + 2 + 4)*13?
12
Calculate the remainder when 69 is divided by (2 + -1)/(330/(-84) + 4).
13
Suppose -57*w - 84 = -61*w. What is the remainder when (-242)/(-6) + 2/3 is divided by w?
20
Suppose -3*m + 15 = s, 8*s - 3*s - m = -5. Let u be (2 - 4) + 2/2. What is the remainder when 19 is divided by -1 + s + u - -12?
9
Calculate the remainder when 64 is divided by (-4)/18 - 238/(-18).
12
Let j = 39 + -16. Suppose -2 + 0 = -4*u + 2*s, -13 = u - 5*s. Suppose -n = -5*f + n + 227, 0 = u*f - 4*n - 94. What is the remainder when f is divided by j?
22
Let v = 39 - 22. Suppose 0 = -2*q - 5*a + 6, 4*a = -4*q + 1 + 23. Let k(g) = -g**3 + 7*g**2 + 10*g - 7. What is the remainder when v is divided by k(q)?
8
Let b = -8 + 16. Let k(l) = l - 4. Let x(s) = -s**3 - 6*s**2 + 2*s + 14. What is the remainder when k(b) is divided by x(-6)?
0
Let b(l) = 39*l - 1. Let w be b(5). Suppose -12 = -3*t, -3*c + w = 5*t + 36. What is the remainder when c is divided by 12?
10
Suppose 1 = 3*w - 29. Suppose h + 2 = -0*h. What is the remainder when 2*(69/6 + h) is divided by w?
9
Let w = -30 + 33. Calculate the remainder when 10 is divided by w.
1
Let g(l) = 10*l**2 - 9*l + 3. Let q(r) = -r**3 - r**2 - r - 1. Let f(j) = -g(j) - q(j). Calculate the remainder when (-1)/(-2) - (-243)/6 is divided by f(8).
13
What is the remainder when (-380)/(-6)*6/5 is divided by 26?
24
Suppose -73*u + 204 = -67*u. What is the remainder when u is divided by 15?
4
Suppose 2*t - 19 = 29. Let p(z) = -z + 72. Calculate the remainder when p(-21) is divided by t.
21
Let a(l) = -l**3 - 6*l**2 - 5*l - 1. Let z be a(-6). Suppose -9 = 4*n - z. Suppose n*u = 2*u + 48. What is the remainder when u is divided by 6?
4
Suppose -131 - 1003 = -14*i. Calculate the remainder when i is divided by 6.
3
Let b = -33 + 44. Calculate the remainder when (-150)/9*(-12)/10 is divided by b.
9
Suppose 58 = -5*i + 7*i. Let v(t) = 3*t**2 - t + 6. What is the remainder when v(-5) is divided by i?
28
Suppose -119 = -5*k + 3*a + 56, -66 = -2*k + 2*a. Calculate the remainder when k is divided by 10.
8
Let s(o) = -6*o**3 - 3*o**2 - o - 1. Suppose -v + 3*u - 4 - 3 = 0, -3*v + 14 = -2*u. Calculate the remainder when s(-2) is divided by v.
5
Let w(b) = -b**3 + 3*b**2 + 2*b + 12. Calculate the remainder when 189 is divided by w(0